8699458 is divided by 141?
137
Calculate the remainder when 236055 is divided by 76.
75
Calculate the remainder when 23402 is divided by 173.
47
What is the remainder when 1491835 is divided by 2220?
2215
What is the remainder when 14766 is divided by 1841?
38
Calculate the remainder when 4946811 is divided by 2473394.
23
Calculate the remainder when 3333 is divided by 103.
37
Calculate the remainder when 788030 is divided by 133.
5
What is the remainder when 602428 is divided by 2896?
60
Calculate the remainder when 6942031 is divided by 387.
25
What is the remainder when 25166145 is divided by 967928?
17
What is the remainder when 348172 is divided by 843?
13
What is the remainder when 11674 is divided by 11358?
316
Calculate the remainder when 32794754 is divided by 1278.
1274
What is the remainder when 1685227 is divided by 105326?
11
What is the remainder when 5582589 is divided by 2305?
2184
What is the remainder when 14154493 is divided by 205137?
40
What is the remainder when 33507 is divided by 608?
67
What is the remainder when 1526973777 is divided by 1166?
1165
What is the remainder when 17922607 is divided by 143?
131
What is the remainder when 38003939 is divided by 545?
544
What is the remainder when 47048032 is divided by 3213?
73
What is the remainder when 25944873 is divided by 12?
9
What is the remainder when 1394843 is divided by 44994?
29
Calculate the remainder when 84862 is divided by 646.
236
Calculate the remainder when 1599483 is divided by 2172.
891
Calculate the remainder when 46861574 is divided by 1897.
1880
Calculate the remainder when 234347634 is divided by 740.
734
Calculate the remainder when 4590156 is divided by 4306.
4266
What is the remainder when 2475212 is divided by 30?
2
What is the remainder when 222088253 is divided by 94?
93
Calculate the remainder when 271784 is divided by 968.
744
What is the remainder when 1174881 is divided by 133?
92
What is the remainder when 37737432 is divided by 12579142?
6
Calculate the remainder when 193055 is divided by 64114.
713
What is the remainder when 17781 is divided by 17535?
246
Calculate the remainder when 167667 is divided by 240.
147
What is the remainder when 45864199 is divided by 111?
109
What is the remainder when 46685 is divided by 11442?
917
Calculate the remainder when 356083 is divided by 232.
195
What is the remainder when 666693 is divided by 60608?
5
Calculate the remainder when 281490 is divided by 720.
690
Calculate the remainder when 456114265 is divided by 211.
207
Calculate the remainder when 2525189 is divided by 38849.
4
Calculate the remainder when 176265 is divided by 14668.
249
What is the remainder when 65461 is divided by 4969?
864
Calculate the remainder when 3565698 is divided by 297136.
66
Calculate the remainder when 153578 is divided by 25584.
74
What is the remainder when 2410812 is divided by 803445?
477
Calculate the remainder when 8447870 is divided by 2067.
41
Calculate the remainder when 308859 is divided by 1599.
252
What is the remainder when 21409474 is divided by 12?
10
Calculate the remainder when 18581848 is divided by 1573.
1572
What is the remainder when 40353 is divided by 2100?
453
Calculate the remainder when 365201 is divided by 561.
551
Calculate the remainder when 1640403146 is divided by 75.
71
What is the remainder when 299560 is divided by 168?
16
Calculate the remainder when 140247238 is divided by 995.
993
What is the remainder when 528802 is divided by 132200?
2
What is the remainder when 20878691 is divided by 8429?
58
What is the remainder when 1238125 is divided by 1602?
1381
What is the remainder when 2825709 is divided by 94177?
399
Calculate the remainder when 119402966 is divided by 249.
245
Calculate the remainder when 3120650 is divided by 74.
70
What is the remainder when 6374 is divided by 4495?
1879
What is the remainder when 8761 is divided by 2846?
223
What is the remainder when 61047155 is divided by 1969263?
2
What is the remainder when 514339425 is divided by 43?
42
What is the remainder when 388672157 is divided by 3917?
3915
Calculate the remainder when 13343208 is divided by 2223865.
18
Calculate the remainder when 431011 is divided by 430996.
15
Calculate the remainder when 1302099 is divided by 1300018.
2081
What is the remainder when 166231138 is divided by 1176?
10
Calculate the remainder when 158425 is divided by 60.
25
Calculate the remainder when 217768 is divided by 19797.
1
Calculate the remainder when 127471 is divided by 116.
103
Calculate the remainder when 4831197 is divided by 244.
241
Calculate the remainder when 243301 is divided by 163.
105
Calculate the remainder when 121208191 is divided by 658.
643
Calculate the remainder when 53406 is divided by 911.
568
What is the remainder when 4225629 is divided by 85?
24
Calculate the remainder when 1549457 is divided by 350.
7
Calculate the remainder when 2140421 is divided by 60.
41
Calculate the remainder when 5424447 is divided by 4205.
4202
What is the remainder when 116941151 is divided by 20?
11
What is the remainder when 3947025 is divided by 1242?
1191
What is the remainder when 977986 is divided by 162966?
190
Calculate the remainder when 5397836 is divided by 31.
23
Calculate the remainder when 36606331 is divided by 2759.
2678
Calculate the remainder when 11628976 is divided by 5626.
34
Calculate the remainder when 26944 is divided by 3360.
64
What is the remainder when 522756 is divided by 12157?
5
What is the remainder when 25857066 is divided by 52555?
6
What is the remainder when 22737122 is divided by 17?
13
Calculate the remainder when 32121583 is divided by 211.
209
What is the remainder when 21048023 is divided by 47?
13
Calculate the remainder when 1950536 is divided by 24685.
421
What is the remainder when 710589 is divided by 355266?
57
What is the remainder when 262859 is divided by 23?
15
What is the remainder when 1471102 is divided by 3184?
94
Calculate the remainder when 7642253 is divided by 58.
57
Calculate the remainder when 235228 is divided by 9392.
428
Calculate the remainder when 54417817 is divided by 87.
13
Calculate the remainder when 31203757 is divided by 20.
17
Calculate the remainder when 4341207 is divided by 228483.
30
What is the remainder when 931877 is divided by 133125?
2
What is the remainder when 586795 is divided by 27940?
55
What is the remainder when 8992658 is divided by 3311?
3293
What is the remainder when 1259440 is divided by 352?
336
What is the remainder when 3433702 is divided by 995?
952
Calculate the remainder when 716309 is divided by 775.
209
Calculate the remainder when 12810152 is divided by 12810152.
0
Calculate the remainder when 15610055 is divided by 77.
76
What is the remainder when 8259126 is divided by 57?
54
What is the remainder when 64354262 is divided by 536?
494
Calculate the remainder when 23428422 is divided by 2342841.
12
Calculate the remainder when 561060 is divided by 1726.
110
Calculate the remainder when 2044307 is divided by 26209.
5
What is the remainder when 17883359 is divided by 144?
143
What is the remainder when 121498673 is divided by 74?
71
What is the remainder when 1742896 is divided by 79?
77
What is the remainder when 139265 is divided by 6630?
35
Calculate the remainder when 14703580 is divided by 23.
2
Calculate the remainder when 3311077 is divided by 89.
10
Calculate the remainder when 154632828 is divided by 2410.
2408
Calculate the remainder when 661485 is divided by 19454.
49
What is the remainder when 5059338 is divided by 1686405?
123
Calculate the remainder when 2902524 is divided by 4418.
4316
Calculate the remainder when 363571493 is divided by 3454.
3453
What is the remainder when 6302941 is divided by 6302934?
7
Calculate the remainder when 64067 is divided by 15980.
147
What is the remainder when 23003552 is divided by 11501774?
4
What is the remainder when 812296 is divided by 406130?
36
What is the remainder when 8731827 is divided by 38?
35
What is the remainder when 907382 is divided by 2303?
0
What is the remainder when 9687 is divided by 2097?
1299
Calculate the remainder when 1672927 is divided by 269.
16
What is the remainder when 52535 is divided by 6559?
63
Calculate the remainder when 1930107095 i